Suppose m - 4 = x - 9, x + 5*m + 19 = 0. Suppose -4*q - 57 = -5*d, 0 = d + q - 5 - x. What is the highest common factor of d and p?
9
Let g be (-15)/(-54)*14 + 1/9. Let m = 104 - 84. Calculate the highest common factor of g and m.
4
Suppose -30824 = 57*p - 30995. Let o(s) = s**3 + 6*s**2 - 10*s + 3. Let l be o(-7). What is the greatest common divisor of p and l?
3
Let q(i) be the second derivative of -9*i + 1/6*i**3 + 0 - 3/2*i**2 + 1/12*i**4. Let b be q(-3). What is the highest common factor of 12 and b?
3
Let h = -1864 - -3658. What is the greatest common divisor of 234 and h?
78
Let v = 68 - 52. Suppose -11*y = -3*y - v. Let r(g) = 8*g - 94. Let c be r(13). Calculate the greatest common factor of y and c.
2
Let g(n) = -n**3 + 20*n**2 - 93*n - 16. Let h be g(8). What is the highest common divisor of h and 6712?
8
Suppose -405150 = -68*v - 82*v. What is the highest common factor of 73 and v?
73
Let s be -5 - (-6 + -145 + 3). Let v = s + -114. What is the greatest common divisor of 319 and v?
29
Let b be (-3)/12*2 - 24/(-48). Suppose 0 = -5*q + 5*w + 1146 + 1049, b = -5*q - 5*w + 2205. Calculate the greatest common divisor of 40 and q.
40
Let j = -87 + 91. Suppose j*l = l + 1560. Suppose 7*o - 17*o + l = 0. Calculate the greatest common divisor of 416 and o.
52
Let j = -72 - 33. Let n be (j/(-10))/(6*2/16). What is the greatest common divisor of n and 154?
14
Let p be -1*(2/2 + -4) + -1. Suppose 0*m + 4 = 2*m. Suppose 3*d + 0*z + 4*z = 36, d - 22 = m*z. What is the greatest common factor of p and d?
2
Let q = 1918 + -1910. Calculate the highest common divisor of q and 388.
4
Let h be -11 - (-7 - -1)*(-5845)/(-70). What is the greatest common factor of 392 and h?
98
Let i(a) = 28*a + 620. Let s be i(-22). Calculate the highest common factor of s and 9.
1
Let s = 309 - 301. Let g be (-3)/(1914/240 - s). What is the highest common divisor of g and 15?
15
Let f = -46623 + 46634. What is the highest common factor of f and 11561?
11
Suppose -w + 5*d - 73 = 0, 13*w = 9*w + 5*d - 397. Let f be ((-2)/(-4))/(1/(-206)). Let z = f - w. What is the greatest common divisor of 3 and z?
1
Let v be (-209 - (6 + 2))*4/(-14). What is the greatest common factor of 93 and v?
31
Let d(v) = v**3 - v**2 - v + 16. Let s be d(7). Let h = s - 18. What is the greatest common factor of 114 and h?
57
Let n(b) = 85*b + 63. Let k(p) = 1950*p + 1450. Let o(g) = 3*k(g) - 70*n(g). Let i be o(-6). Calculate the highest common factor of i and 45.
45
Suppose 174 - 193 = -v - 4*k, 2*v - 4*k = 14. Calculate the highest common divisor of v and 15653.
11
Let n(o) = 886*o**2 - 70*o + 73. Let k be n(1). What is the highest common factor of 1397 and k?
127
Let u = 736 + -731. Suppose 11*l - u*l - 702 = 0. What is the greatest common factor of l and 36?
9
Let z(c) = c**3 + 34*c**2 + 43*c + 50. Let s be z(-15). What is the greatest common divisor of s and 1656?
184
Let s(d) = d**3 - 11*d**2 + 4*d - 18. Suppose 0 = 4*m + 23*m - 297. Let g be s(m). Suppose 2*i - 87 = -9. What is the highest common divisor of g and i?
13
Suppose 5*z - 25*z - 1728 = -84*z. Calculate the highest common factor of 8298 and z.
9
Let z(j) = 7*j + 38. Let t be z(-5). Suppose 0 = -4*c - 2*x + 112, c - 35 = -3*x + t. Calculate the greatest common divisor of c and 208.
26
Let w(q) = 9736*q - 276. Let p be w(1). What is the greatest common divisor of 10 and p?
10
Let y be 112/6*((-72)/(-14) + 0). Let s(l) = 37*l**3 - 11*l + 10. Let z be s(1). What is the greatest common factor of y and z?
12
Let t(a) = -a**2 + 45*a - 306. Let h be t(36). Let z(y) = -4*y + 14. Let m be z(11). Let d = 129 + m. Calculate the highest common factor of h and d.
9
Let s be -4*((-46)/8 + 5). Suppose -5*y = 4*q - 36, -q - s*y = -8*y - 34. Calculate the greatest common divisor of 7 and q.
7
Let m(h) = h**3 + 54*h**2 - 17*h + 292. Let y be m(-54). Calculate the greatest common divisor of 242 and y.
242
Suppose 0 = 3*f - 2*w - 244, -292 - 40 = -4*f - 4*w. Suppose -35*o + 37*o = 4. What is the greatest common divisor of f and o?
2
Suppose 119*g - 110*g = 150 + 255. Calculate the greatest common divisor of g and 8535.
15
Suppose 5*y - 20*y = 0. Suppose -221*j + 226*j - 180 = y. Suppose -5*i = -2*m + 87, 0*m - 5*i + 57 = 2*m. What is the greatest common factor of m and j?
36
Let z(f) = f - 2. Let u be z(8). Let t = 39 + -35. Suppose -7*q = -t*q - 126. What is the greatest common divisor of q and u?
6
Let h(x) = -x + 112. Let b be h(0). Let w be (-46 - -61)*28/3. Calculate the greatest common factor of w and b.
28
Suppose 50*v = 46*v - 32, 2*t + 5*v - 296 = 0. Suppose -19 = -4*x - 5*a, -5*x + 4*a - 13 = -47. Calculate the greatest common factor of x and t.
6
Let t = 2007 + -408. What is the greatest common factor of t and 78?
39
Let h be ((-212)/2)/(29 + -27). Let v = h - -58. Calculate the greatest common factor of 125 and v.
5
Suppose 2*b = 4*g + 78, -3*g + 8 = -g. Suppose b - 167 = -5*i. Suppose 0 = -18*v + 901 - 253. Calculate the greatest common divisor of i and v.
12
Let j = 1403 - -157. Suppose 4*b - 3*a = 1245, 5*b + 25*a = 28*a + j. Calculate the greatest common divisor of b and 189.
63
Let c = -2040 - -1990. Let h(k) = 12*k**3 + 3*k**2 - 3*k. Let v be h(2). Let z = c + v. Calculate the greatest common factor of z and 39.
13
Suppose 2*o + 4*f + 108 = 4*o, f = 3*o - 157. What is the highest common divisor of o and 2132?
52
Let a be (-8)/(-48)*66 + (-931)/(-7). Calculate the highest common factor of a and 3546.
18
Suppose -2*c = 1646 - 1664. Let h(u) = u**2 - 8*u + 36. Let t be h(c). What is the greatest common factor of t and 420?
15
Suppose -5*g + 12 = 5*b - 208, 3*b + 127 = 4*g. Calculate the greatest common factor of 6697 and g.
37
Suppose 0 = x, 4*p - 2256 = -2*x + 1488. Calculate the greatest common divisor of 300 and p.
12
Let v = 351 + -382. Let i = v - -116. What is the highest common factor of i and 153?
17
Let i be (-2)/29 + 187222/2494. Calculate the highest common divisor of 2535 and i.
15
Let x(k) = -32*k + 1105. Let g be x(34). What is the greatest common divisor of g and 697?
17
Let c = 334 - 330. Suppose 0 = -c*a + 39*a - 315. Calculate the greatest common divisor of a and 72.
9
Let o be 34/(-8) + 5 + (-2652)/(-48). Let d = 88 + 231. Suppose d = 2*i - 465. What is the highest common divisor of o and i?
56
Let c(h) = 5*h**2 + h - 19. Let n be c(-3). Suppose -5*t = -n*a + 27*a - 690, -4*t + 552 = -a. What is the highest common divisor of t and 24?
6
Let h be (-1274)/(-4)*((-1)/(-5))/(10/400). What is the greatest common divisor of 1960 and h?
196
Let b(u) = -19*u + 1134. Let t be b(51). Calculate the highest common divisor of t and 8283.
33
Suppose 3*q - 15 = -2*q. Suppose 14*k = -13*k - 54. Let b be (k + 0)/((-12)/234). Calculate the greatest common divisor of q and b.
3
Suppose 5*f - 817 = 3*q + 36, 8*f - 3*q - 1363 = 0. What is the highest common divisor of f and 40?
10
Suppose 0 = -5*v + p + 33746, 25*p - 195746 = -29*v + 26*p. What is the highest common factor of 108 and v?
54
Let t be 1/((2/(-315))/((-4)/5)). Suppose 105*m - 98*m = t. Calculate the greatest common divisor of 144 and m.
18
Let r = 15780 - 13659. What is the highest common factor of r and 1515?
303
Let l(g) = -101*g + 47. Let c be l(22). Let t be (128/(-10))/(29/c). Calculate the highest common divisor of t and 64.
64
Let q(c) = -c + 3. Let x be q(2). Let v(g) = 25*g + 2. Let s be v(x). Suppose 43*a + s = 46*a. What is the highest common divisor of a and 90?
9
Let b(l) = -9*l + 21. Let y be b(-11). Let u be (-28)/(-6)*216/42. Let o be (8/(-2))/((-8)/u). Calculate the highest common divisor of y and o.
12
Suppose -d + 2*o - 2 = 0, d - 44*o = -45*o + 4. Suppose -8*y = -d*y - 900. Calculate the highest common factor of y and 525.
75
Suppose 1017 = 5*q - 4*o, -362*q + 364*q + 5*o - 453 = 0. What is the greatest common divisor of 836 and q?
209
Let s be (24/(-3))/(-5 - -3). Let w be (-5 - 915/(-25)) + s/10. Calculate the highest common factor of 4 and w.
4
Suppose 5*r = -t + 7084, -2793*t + 2789*t - 2*r = -28462. What is the greatest common divisor of 226 and t?
113
Let d be 19 - 4 - 5 - -1580. What is the greatest common factor of d and 195?
15
Suppose 2*i - 23 = -13. Suppose -2*x = -4*s - 0*x + 12, i*x = 0. Calculate the greatest common divisor of 48 and s.
